at is a(b)?
-6
Suppose 26*x + 307 = 1087. Suppose 887*s = 884*s + x. Let a(l) be the second derivative of l**5/20 - 11*l**4/12 + 3*l**3/2 - l**2/2 - l. Give a(s).
-11
Suppose -43*b = -49*b + 210. Suppose 162 = -8*z + b*z. Let p(f) = f - 3. What is p(z)?
3
Let l(q) be the first derivative of q**4/4 + 14*q**3/3 - 8*q**2 - 13*q - 20. Let f be l(-15). Let k(p) = p**2 + p - 6*p + 2*p**2 + p**3 + f*p. What is k(-3)?
9
Suppose -4*o + 2 = 2*q, 3*q - 4*o - 23 = 10. Let u(v) = -v**2 + 2*v + 16. Calculate u(q).
-19
Let t(i) = 0*i + 0*i + 17*i**3. Let u be (966/(-115))/(3 + 1134/(-380)). Let b = 531 + u. What is t(b)?
-17
Let h(o) = 43*o**2 - 4 + 8 + o + 9*o**2 - 53*o**2. Calculate h(3).
-2
Let z(a) = 5*a + 293. Let d(r) = -r - 78. Let q(h) = 23*d(h) + 6*z(h). Determine q(5).
-1
Let f(v) be the first derivative of -v**2/2 + 8*v - 4869. What is f(18)?
-10
Let h(o) = -o - 7. Let b(p) = -p**3 + 8*p**2 + 15*p - 22. Let t be b(9). Let w = t - 29. Let k(r) = 3*r + 20. Let m(y) = w*k(y) + 8*h(y). Determine m(0).
4
Let i(b) = 85*b + 59. Let h(t) = -47*t - 32. Let f(j) = 11*h(j) + 6*i(j). Suppose 4*y - 3*g = -11, 0 + 1 = y + 3*g. Determine f(y).
16
Let l(a) be the first derivative of 4*a**3 - 2*a**2 + 4*a + 2126. Calculate l(1).
12
Let g(j) = j**2 - j + 6. Let z be g(0). Let s = 11 - z. Let k(l) = -4 - l**2 + 31*l + 0*l**2 - s - 24*l. Give k(6).
-3
Let x be 5/(-3) - (-8)/12. Let i be x - (-2 - -3)*-3. Let y(q) = -q - q**3 + 5*q**2 + 5 + i*q**3 + 4*q. Determine y(-4).
9
Let n(d) = -d**3 - 5*d**2 + 2*d. Let c = -159 - -164. Suppose -5*q - 28 = 5*l - 3, 0 = c*l. Calculate n(q).
-10
Let d(t) = t**2 + 2*t + 4. Let w be (0 + 6 - 24)*(-3 + 2). Suppose -708*b + w = -714*b. Calculate d(b).
7
Let i(o) = -11*o + 4. Let g be (-7)/((-1)/(-2)*2). Let s(n) = n - 4. Let q be s(8). Let l(w) = -6*w + 2. Let f(t) = g*l(t) + q*i(t). Calculate f(5).
-8
Let i(k) = k**3 + k**2 - 63*k - 9. Let m be i(-10). Let b = m + 275. Let r(y) = -3*y - 9. Give r(b).
3
Let b(v) = 172*v - 341*v + 173*v - 1 - 4*v**2 - v**3. Calculate b(-5).
4
Let o(u) = u**3 - 29*u**2 + 28*u + 11. Let g be o(28). Suppose g*y + 72 = -5. Let h(s) = 2*s**2 + 11*s + 6. What is h(y)?
27
Let g(k) be the second derivative of k**5/20 - 3*k**4/4 + 4*k**3/3 + 3*k**2 - 5*k. Let b be (-1*22)/(-1 + 10/8). Let x = 96 + b. Give g(x).
6
Let s(i) be the third derivative of -i**6/120 + 13*i**5/60 - i**4/6 - 11*i**3/6 - 4329*i**2. What is s(12)?
85
Let p(b) = -40*b + 116. Let f(l) = -10*l + 26. Let y(t) = 9*f(t) - 2*p(t). Give y(13).
-128
Let m(i) = 43*i**2 + i + 25. Let d(k) = -17*k**2 - k - 11. Let t(f) = -5*d(f) - 2*m(f). Give t(4).
1
Let l = -426 + 697. Suppose 3*i = l - 91. Let t = 66 - i. Let h(a) = -a + 2. Give h(t).
-4
Let o(w) = 21*w**2 - w. Let y = 560 - 526. Suppose z - r = y - 30, 0 = -z - r - 2. Calculate o(z).
20
Let m be (13 + -7)*8/(-6). Suppose 14*r = 13*r + 2. Let g(h) = -6*h - r*h**2 - 3*h**2 + 8 + 4*h**2. What is g(m)?
-8
Let y(k) = -5*k**3 - k**2 - 162*k + 21. Let p(c) = c**3 + 27*c - 2. Let a(f) = -6*p(f) - y(f). Suppose -5*q = -2*q. Give a(q).
-9
Let r(h) = 2*h**3 + 21*h**2 - 9*h + 29. Let n(i) = -i**3 + 17*i**2 - 43*i - 47. Let a be n(4). Determine r(a).
7
Let l(v) = -2*v**3 - 20*v**2 - 2*v - 3. Let p(z) = -2*z**3 - 22*z**2 - 3*z - 6. Let x(k) = 5*l(k) - 4*p(k). Determine x(-6).
-3
Let k(i) be the second derivative of -i**5/20 - 11*i**4/12 + 2*i**2 + i + 1791. Let n be -11*(-1 + 2 + 0). Let r be n - (0 - 0)/(-2). Calculate k(r).
4
Let i(z) = 7*z**2 - 6*z. Let x(v) = -v**3 - 37*v**2 + 31*v. Suppose -39*t + 31*t + 16 = 0. Let u(l) = t*x(l) + 11*i(l). Give u(3).
-39
Suppose a + g + 2 = 0, -3*a + 4*g - 3 = 6*g. Let b(n) = -2*n + 0*n + 4*n - 4*n**2 - 3. Let j(p) = -16*p**2 + 8*p - 13. Let u(k) = 9*b(k) - 2*j(k). Give u(a).
-3
Let a(f) be the first derivative of f**4/4 + 3*f**3 + 7*f**2/2 - 7*f + 1. Suppose 0 = 5*w + n + 44, 2*w + n = -326 + 306. Determine a(w).
1
Let p(y) = -16*y**3 + 21*y**2 + 15*y - 52. Let w(h) = -5*h**3 + 7*h**2 + 6*h - 16. Let c(i) = 4*p(i) - 13*w(i). Calculate c(9).
0
Let l be 2*(-3)/4*2. Let z(i) = 2*i - 15. Let x be z(8). Let t(q) = -13*q + 37*q - 20*q - x + 4*q**2. Determine t(l).
23
Suppose 4*d = -5*a + 25 - 3, -3*a = 3*d - 15. Suppose 0 = 3*u + 5*k, -u - d*k = -2*k - 2. Let h(i) = -5 + 4*i - u*i + 2*i. Give h(7).
2
Let o(a) be the third derivative of -a**4/12 + 17*a**3/3 - 921*a**2. Determine o(17).
0
Let g(k) = 16*k + 4. Let b be -11 + 1 + 1 + 2160/180. Give g(b).
52
Suppose -34*g - 63 = -13*g. Let b(w) = -4*w**2 + 4*w + 4. Let n(s) = 5*s**2 - 5*s - 5. Let p(z) = g*n(z) - 4*b(z). Calculate p(-2).
5
Let c be (3/9)/(3/45). Let i(f) = 16*f**2 + 0 - 525*f - 9*f**2 - 12 + 2 + 518*f - f**3. What is i(c)?
5
Let r(a) = -5*a - 88. Let j be r(-18). Let m(l) = -l**3 + 5*l**2 - 9*l - 10. Let d(x) = -6*x**3 + 24*x**2 - 45*x - 51. Let h(z) = j*d(z) - 11*m(z). Give h(-8).
0
Suppose 55*g - 41*g = 28. Let u be (g/(-2))/((-3)/(-9)) + 2. Let t(q) = q - 1. Give t(u).
-2
Let c(n) = -2*n**3 + n. Let j(z) = 15*z**3 - 12*z**2 + 18*z - 10. Let o(y) = -7*c(y) - j(y). Give o(9).
28
Let i(h) = h**3 - 5*h**2 - 13*h - 1. Let o be i(7). Suppose o*w - 14 = 22. Let r(n) = 4 - 7 + n + 2 + 0*n. What is r(w)?
5
Let w(v) be the first derivative of 11 + 1/3*v**3 - 1/2*v**2 + v. Give w(2).
3
Suppose 2*d - 6*q + 2*q = -4, -3*q = 5*d - 16. Let p(b) = 8*b + 5*b**3 + b**d - 11*b**3 - 9*b + b**2. Give p(1).
-5
Let f(z) = 2*z**3 + z**2 + 3*z + 8. Let y(p) = -p - 1. Let d(u) = f(u) + 6*y(u). Let k be 2*(-3 - 35/(-10)). What is d(k)?
2
Let j(t) be the second derivative of 0 - 3*t**2 + 1/3*t**3 - 51*t. Determine j(5).
4
Let z = -104 + 104. Suppose o + 2*x = -o + 20, z = 4*o - 4*x - 8. Let d(j) = 4*j - 1 - o - 14*j - j**2. What is d(-6)?
17
Let y(t) be the second derivative of -t**6/30 - t**5/60 - t**4/24 + 7*t**3 - 34*t. Let x(u) be the second derivative of y(u). What is x(-1)?
-11
Let l(b) = -b - 7. Let y(u) = -3*u - 16. Suppose -33 = -4*a + 3*n, 0*n = 2*a - 3*n - 21. Let d(p) = a*y(p) - 14*l(p). What is d(-6)?
26
Suppose 0 = -0*y - 3*y + 4*w + 27, 0 = -2*y + 3*w + 17. Let h(d) = 13*d - 34*d**3 + 27*d**3 + 6*d**3 + 3 + 12*d**2. Give h(y).
3
Let b = 6 - 1. Suppose -4*y = -4*g + 9*g, -3*g = 0. Let m(x) = y*x + 3 + 2*x + 1 - 3*x. Determine m(b).
-1
Let v be -1 + (13 - 11) - (0 + 11). Let q(l) = 2*l**2 + 16*l - 15. Determine q(v).
25
Let k(x) be the second derivative of -x**4/6 - 5*x**3/2 + 18*x**2 - 4902*x - 1. Determine k(-8).
28
Suppose 0 = -5*v + 24*v + 7733. Let o = v - -414. Let i(m) = m - 3. Give i(o).
4
Let c(w) = -w**2 - w + 4. Suppose 3*z = 2*z + 3*m + 9, m = -4*z + 23. Let y be (z/(-4))/((-14)/56). What is c(y)?
-38
Let r = 389 - 376. Let j(v) = 9 + 7*v**3 - r*v**2 + 10*v**2 - 10 - 5*v**3 + 7*v**3 + 2*v. What is j(1)?
7
Let g(b) be the third derivative of b**6/120 - b**5/15 - b**4/3 + b**3 + b**2. Suppose 0 = -94*u + 97*u - 15. Calculate g(u).
-9
Let j(y) = -y**3 - 7*y**2 - 9*y - 1. Let q = -11 + -20. Let t = 38 + q. Suppose 5*r - 12 = t*r. What is j(r)?
17
Let q(s) = 5*s + 2. Let v(h) = 3*h**2 + 5*h - 3. Let a be v(2). Suppose 0 = -21*c + a*c. Suppose 4*z - 2 + 14 = c. Give q(z).
-13
Suppose 143*r + 1704 = -126*r - 15*r. Let u(s) = -s**3 - 6*s**2 - 4*s + 16. What is u(r)?
40
Let n be (-3)/2*7/(84/(-16)). Let u(h) = 2*h - 105*h**n + 106*h**2 - 8*h - 4*h. Determine u(9).
-9
Let f(b) = -b**2 - 10*b - 4. Let z(v) = -v**3 + v**2 + 2*v - 9. Let d be z(0). Let j be f(d). Suppose 0 = -0*x + j*x + 15. Let r(t) = -3*t + 2. Calculate r(x).
11
Let f(p) = -p**2 - 4*p - 1. Let t be f(-3). Let m(l) = -11*l**2 + 35*l**2 + 1 - 13*l**t - 7*l**2 - l**3. Calculate m(2).
9
Let c(a) = -a**3 + 2*a**2 - 1. Let f be c(-1). Suppose -x = 2*z - 2, 0 = f*x - 13 + 9. Let l(m) = m**3. Give l(z).
0
Let l(a) = 1 - a + 2*a - 4*a**2 - 7*a**2. Suppose 13*s = 12*s - 2*h + 5, 0 = 5*s - 2*h + 11. What is l(s)?
-11
Let s(n) = 4*n - 131. Let p be (-143)/(-4) - 447/596. Calculate s(p).
9
Let r(h) = h**2 + 10*h + 35. Let p(q) = 22*q + 278. Let x be p(-13). What is r(x)?
19
Let o be 2/10*(-25)/30*-1. Let i(n) be the third derivative of -o*n**3 + 0 + 0*n - 1/12*n**4 - 1/20*n**5 + 13*n**2. Calculate i(-1).
-2
Suppose 16*a - 2 - 30 = 0. Let t(s) = -475*s - 1 + 13*s**2 - 6*s**a + 473*s + 4*s**2. Give t(-2).
47
Let m be 2/(-6)*(7 + 2). Suppose -5*d + 0*d = -2*p + 2, 0 = -